{"id":6,"date":"2013-03-29T19:58:39","date_gmt":"2013-03-29T18:58:39","guid":{"rendered":"http:\/\/www.lescribe.ca\/?page_id=6"},"modified":"2018-06-29T22:59:55","modified_gmt":"2018-06-29T21:59:55","slug":"accueil","status":"publish","type":"page","link":"https:\/\/www.lescribe.ca\/","title":{"rendered":"Accueil"},"content":{"rendered":"<h3><span style=\"color: #000000; font-family: verdana, geneva; font-size: 22px;\">Communiquez!<\/span><\/h3>\n<h3><span style=\"color: #000000; font-family: verdana, geneva; font-size: 22px;\">Je suis<\/span><span style=\"color: #000000; font-family: verdana, geneva; font-size: 22px;\">\u00a0actuellement \u00e0 la recherche de <\/span><\/h3>\n<h3><span style=\"color: #000000; font-family: verdana, geneva; font-size: 22px;\">mandats\u00a0<\/span><span style=\"color: #000000; font-family: verdana, geneva; font-size: 22px;\">en r\u00e9vision et en r\u00e9daction.<\/span><\/h3>\n<p><strong style=\"font-family: verdana, geneva; font-size: 16px;\"><a href=\"mailto:lescribe@videotron.ca\">lescribe@videotron.ca<\/a><\/strong><\/p>\n<div align=\"center\">\n<hr align=\"center\" size=\"2\" width=\"100%\" \/>\n<\/div>\n<div><span style=\"color: #000000; font-family: verdana, geneva; font-size: 16px;\">Un texte est fait de connaissance, de communication, de mise en valeur. Un texte est travaill\u00e9 sur le fond en augmentant son savoir, sur la forme en rehaussant ses habilet\u00e9s \u00e0 l\u2019\u00e9criture, sur l\u2019apparence en respectant son lecteur.<\/span><\/div>\n<p><span style=\"color: #000000; font-family: verdana, geneva; font-size: 16px;\">Le texte raisonn\u00e9 est clair, coh\u00e9rent, convaincant, efficace, exhaustif, logique, pertinent, progressif, s\u00e9duisant, structur\u00e9, vrai.\u00a0Ce texte convie au plaisir de lire.<\/span><\/p>\n<h4><span style=\"font-family: verdana, geneva; font-size: 16px;\"><b>En accompagnement, je vous am\u00e8ne rapidement \u00e0 \u00e9crire mieux<\/b><\/span><\/h4>\n<p><span style=\"color: #000000; font-family: verdana, geneva; font-size: 16px;\">Le message qu\u2019on veut transmettre est souvent encombr\u00e9 d\u2019automatismes acquis dans les cours de fran\u00e7ais, qu\u2019on utilise en ayant oubli\u00e9 le mode d\u2019emploi, de digressions qui \u00e9garent, de formules commodes sans signification, d\u2019adresses directes au lecteur.<\/span><\/p>\n<p><span style=\"color: #000000; font-family: verdana, geneva; font-size: 16px;\">Je m\u2019engage en quelques s\u00e9ances \u00e0 vous faire r\u00e9fl\u00e9chir sur tous ces aspects de l\u2019\u00e9criture \u00e0 l\u2019aide de documents qui composent votre quotidien professionnel afin d&rsquo;enrichir vos habilet\u00e9s \u00e0 \u00e9crire. Je vous donne les moyens pour que vos textes deviennent des communications efficaces, pertinentes, s\u00e9duisantes.<\/span><\/p>\n<h4><span style=\"font-family: verdana, geneva; font-size: 16px;\"><b>\u00c0 distance, je vous rends un texte clair au message limpide<\/b><\/span><\/h4>\n<p><span style=\"color: #000000; font-family: verdana, geneva; font-size: 16px;\">Avec les bons mots pour le dire, je fais une r\u00e9vision linguistique du document qui m\u2019est confi\u00e9. Je proc\u00e8de en m\u00eame temps \u00e0 une mise au point de l\u2019\u00e9criture m\u00eame, par de tr\u00e8s petits changements afin d\u2019amener la fluidit\u00e9 de lecture.<\/span><\/p>\n<p><span style=\"color: #000000; font-family: verdana, geneva; font-size: 16px;\">Mes comp\u00e9tences, ma richesse d\u2019exp\u00e9rience, je les mets \u00e0 votre service afin que vous soyez bien compris de vos clients, de votre entourage. Pour communiquer des \u00e9crits \u00e9loquents, je vous invite \u00e0 me contacter.<\/span><\/p>\n<h4><span style=\"font-family: verdana, geneva; font-size: 16px;\"><strong>Louise Gauthier<\/strong><\/span><\/h4>\n<a class=\"synved-social-button synved-social-button-share synved-social-size-32 synved-social-resolution-single synved-social-provider-facebook nolightbox\" data-provider=\"facebook\" target=\"_blank\" rel=\"nofollow\" title=\"Share on Facebook\" href=\"https:\/\/www.facebook.com\/sharer.php?u=https%3A%2F%2Fwww.lescribe.ca%2Findex.php%3Frest_route%3D%252Fwp%252Fv2%252Fpages%252F6&#038;t=Accueil&#038;s=100&#038;p&#091;url&#093;=https%3A%2F%2Fwww.lescribe.ca%2Findex.php%3Frest_route%3D%252Fwp%252Fv2%252Fpages%252F6&#038;p&#091;images&#093;&#091;0&#093;=&#038;p&#091;title&#093;=Accueil\" style=\"font-size: 0px;width:32px;height:32px;margin:0;margin-bottom:5px;margin-right:5px\"><img alt=\"Facebook\" title=\"Share on Facebook\" class=\"synved-share-image synved-social-image synved-social-image-share\" width=\"32\" height=\"32\" style=\"display: inline;width:32px;height:32px;margin: 0;padding: 0;border: none\" src=\"https:\/\/www.lescribe.ca\/wp-content\/plugins\/social-media-feather\/synved-social\/image\/social\/regular\/64x64\/facebook.png\" \/><\/a><a class=\"synved-social-button synved-social-button-share synved-social-size-32 synved-social-resolution-single synved-social-provider-twitter nolightbox\" data-provider=\"twitter\" target=\"_blank\" rel=\"nofollow\" title=\"Share on Twitter\" href=\"https:\/\/twitter.com\/intent\/tweet?url=https%3A%2F%2Fwww.lescribe.ca%2Findex.php%3Frest_route%3D%252Fwp%252Fv2%252Fpages%252F6&#038;text=Partager\" style=\"font-size: 0px;width:32px;height:32px;margin:0;margin-bottom:5px;margin-right:5px\"><img alt=\"twitter\" title=\"Share on Twitter\" class=\"synved-share-image synved-social-image synved-social-image-share\" width=\"32\" height=\"32\" style=\"display: inline;width:32px;height:32px;margin: 0;padding: 0;border: none\" src=\"https:\/\/www.lescribe.ca\/wp-content\/plugins\/social-media-feather\/synved-social\/image\/social\/regular\/64x64\/twitter.png\" \/><\/a><a class=\"synved-social-button synved-social-button-share synved-social-size-32 synved-social-resolution-single synved-social-provider-reddit nolightbox\" data-provider=\"reddit\" target=\"_blank\" rel=\"nofollow\" title=\"Share on Reddit\" href=\"https:\/\/www.reddit.com\/submit?url=https%3A%2F%2Fwww.lescribe.ca%2Findex.php%3Frest_route%3D%252Fwp%252Fv2%252Fpages%252F6&#038;title=Accueil\" style=\"font-size: 0px;width:32px;height:32px;margin:0;margin-bottom:5px;margin-right:5px\"><img alt=\"reddit\" title=\"Share on Reddit\" class=\"synved-share-image synved-social-image synved-social-image-share\" width=\"32\" height=\"32\" style=\"display: inline;width:32px;height:32px;margin: 0;padding: 0;border: none\" src=\"https:\/\/www.lescribe.ca\/wp-content\/plugins\/social-media-feather\/synved-social\/image\/social\/regular\/64x64\/reddit.png\" \/><\/a><a class=\"synved-social-button synved-social-button-share synved-social-size-32 synved-social-resolution-single synved-social-provider-pinterest nolightbox\" data-provider=\"pinterest\" target=\"_blank\" rel=\"nofollow\" title=\"Pin it with Pinterest\" href=\"https:\/\/pinterest.com\/pin\/create\/button\/?url=https%3A%2F%2Fwww.lescribe.ca%2Findex.php%3Frest_route%3D%252Fwp%252Fv2%252Fpages%252F6&#038;media=&#038;description=Accueil\" style=\"font-size: 0px;width:32px;height:32px;margin:0;margin-bottom:5px;margin-right:5px\"><img alt=\"pinterest\" title=\"Pin it with Pinterest\" class=\"synved-share-image synved-social-image synved-social-image-share\" width=\"32\" height=\"32\" style=\"display: inline;width:32px;height:32px;margin: 0;padding: 0;border: none\" src=\"https:\/\/www.lescribe.ca\/wp-content\/plugins\/social-media-feather\/synved-social\/image\/social\/regular\/64x64\/pinterest.png\" \/><\/a><a class=\"synved-social-button synved-social-button-share synved-social-size-32 synved-social-resolution-single synved-social-provider-linkedin nolightbox\" data-provider=\"linkedin\" target=\"_blank\" rel=\"nofollow\" title=\"Share on Linkedin\" href=\"https:\/\/www.linkedin.com\/shareArticle?mini=true&#038;url=https%3A%2F%2Fwww.lescribe.ca%2Findex.php%3Frest_route%3D%252Fwp%252Fv2%252Fpages%252F6&#038;title=Accueil\" style=\"font-size: 0px;width:32px;height:32px;margin:0;margin-bottom:5px;margin-right:5px\"><img alt=\"linkedin\" title=\"Share on Linkedin\" class=\"synved-share-image synved-social-image synved-social-image-share\" width=\"32\" height=\"32\" style=\"display: inline;width:32px;height:32px;margin: 0;padding: 0;border: none\" src=\"https:\/\/www.lescribe.ca\/wp-content\/plugins\/social-media-feather\/synved-social\/image\/social\/regular\/64x64\/linkedin.png\" \/><\/a><a class=\"synved-social-button synved-social-button-share synved-social-size-32 synved-social-resolution-single synved-social-provider-mail nolightbox\" data-provider=\"mail\" rel=\"nofollow\" title=\"Share by email\" href=\"mailto:?subject=Accueil&#038;body=Partager:%20https%3A%2F%2Fwww.lescribe.ca%2Findex.php%3Frest_route%3D%252Fwp%252Fv2%252Fpages%252F6\" style=\"font-size: 0px;width:32px;height:32px;margin:0;margin-bottom:5px\"><img alt=\"mail\" title=\"Share by email\" class=\"synved-share-image synved-social-image synved-social-image-share\" width=\"32\" height=\"32\" style=\"display: inline;width:32px;height:32px;margin: 0;padding: 0;border: none\" src=\"https:\/\/www.lescribe.ca\/wp-content\/plugins\/social-media-feather\/synved-social\/image\/social\/regular\/64x64\/mail.png\" \/><\/a>","protected":false},"excerpt":{"rendered":"<p>Communiquez! Je suis\u00a0actuellement \u00e0 la recherche de mandats\u00a0en r\u00e9vision et en r\u00e9daction. lescribe@videotron.ca Un texte est fait de connaissance, de communication, de mise en valeur. Un texte est travaill\u00e9 sur le fond en augmentant son savoir, sur la forme en rehaussant ses habilet\u00e9s \u00e0 l\u2019\u00e9criture, sur l\u2019apparence en respectant son lecteur. Le texte raisonn\u00e9 est [&hellip;]<\/p>\n","protected":false},"author":1,"featured_media":0,"parent":0,"menu_order":0,"comment_status":"open","ping_status":"open","template":"","meta":[],"_links":{"self":[{"href":"https:\/\/www.lescribe.ca\/index.php?rest_route=\/wp\/v2\/pages\/6"}],"collection":[{"href":"https:\/\/www.lescribe.ca\/index.php?rest_route=\/wp\/v2\/pages"}],"about":[{"href":"https:\/\/www.lescribe.ca\/index.php?rest_route=\/wp\/v2\/types\/page"}],"author":[{"embeddable":true,"href":"https:\/\/www.lescribe.ca\/index.php?rest_route=\/wp\/v2\/users\/1"}],"replies":[{"embeddable":true,"href":"https:\/\/www.lescribe.ca\/index.php?rest_route=%2Fwp%2Fv2%2Fcomments&post=6"}],"version-history":[{"count":32,"href":"https:\/\/www.lescribe.ca\/index.php?rest_route=\/wp\/v2\/pages\/6\/revisions"}],"predecessor-version":[{"id":303,"href":"https:\/\/www.lescribe.ca\/index.php?rest_route=\/wp\/v2\/pages\/6\/revisions\/303"}],"wp:attachment":[{"href":"https:\/\/www.lescribe.ca\/index.php?rest_route=%2Fwp%2Fv2%2Fmedia&parent=6"}],"curies":[{"name":"wp","href":"https:\/\/api.w.org\/{rel}","templated":true}]}}